of 1072281645.
3, 5, 37, 163, 439
What are the prime factors of 1357785979?
11, 23, 5366743
List the prime factors of 525987717.
3, 421, 416459
List the prime factors of 1475070198.
2, 3, 7, 2777, 12647
What are the prime factors of 207366761?
7, 271, 109313
List the prime factors of 1413594204.
2, 3, 11, 877, 12211
List the prime factors of 81759315.
3, 5, 11, 495511
What are the prime factors of 1423920755?
5, 12923, 22037
List the prime factors of 21123179.
7, 11, 397, 691
List the prime factors of 66050893.
29, 2277617
List the prime factors of 36935466.
2, 3, 97, 63463
List the prime factors of 34697648.
2, 19, 311, 367
What are the prime factors of 349319181?
3, 29, 47, 85429
What are the prime factors of 483803312?
2, 1439, 21013
What are the prime factors of 805674744?
2, 3, 7, 17, 94033
List the prime factors of 90206728.
2, 349, 32309
List the prime factors of 3503220810.
2, 3, 5, 41, 69467
List the prime factors of 431433357.
3, 37, 3886787
What are the prime factors of 49963269?
3, 131, 127133
List the prime factors of 2260267752.
2, 3, 94177823
What are the prime factors of 4525950281?
23, 733, 268459
What are the prime factors of 60981081?
3, 7, 149, 19489
List the prime factors of 1392245795.
5, 191, 1457849
What are the prime factors of 357610664?
2, 127, 523, 673
List the prime factors of 4695669.
3, 11, 47431
What are the prime factors of 2903709811?
113, 619, 41513
List the prime factors of 123100974.
2, 3, 6838943
What are the prime factors of 168650193?
3, 56216731
What are the prime factors of 4246162905?
3, 5, 283077527
What are the prime factors of 211880576?
2, 1655317
List the prime factors of 63779715.
3, 5, 109, 13003
What are the prime factors of 37033470?
2, 3, 5, 19, 7219
List the prime factors of 3496463426.
2, 1997, 875429
List the prime factors of 79741837.
7, 491, 23201
What are the prime factors of 50330089?
50330089
What are the prime factors of 849661654?
2, 283, 1501169
List the prime factors of 35769911.
35769911
What are the prime factors of 1153592755?
5, 7, 1621, 20333
List the prime factors of 68446188.
2, 3, 107, 5923
What are the prime factors of 137249415?
3, 5, 17, 179411
What are the prime factors of 275824376?
2, 34478047
List the prime factors of 97882109.
13, 67, 109, 1031
List the prime factors of 897341305.
5, 7, 3739, 6857
What are the prime factors of 23803586?
2, 487, 24439
List the prime factors of 44656519.
3967, 11257
What are the prime factors of 61204544?
2, 163, 5867
What are the prime factors of 86450152?
2, 19, 568751
What are the prime factors of 13089386?
2, 59, 110927
List the prime factors of 291025105.
5, 7, 89, 93427
List the prime factors of 834805593.
3, 92756177
What are the prime factors of 97815877?
97815877
What are the prime factors of 6076710?
2, 3, 5, 251, 269
What are the prime factors of 20791001?
7, 11, 71, 3803
List the prime factors of 7892963079.
3, 2630987693
List the prime factors of 73877010.
2, 3, 5, 43, 57269
What are the prime factors of 490276896?
2, 3, 127, 40213
List the prime factors of 3783696557.
97, 1171, 33311
List the prime factors of 217153210.
2, 5, 21715321
What are the prime factors of 3817089047?
3817089047
What are the prime factors of 2329671832?
2, 89, 3272011
What are the prime factors of 1102470826?
2, 379, 433, 3359
List the prime factors of 13542812.
2, 17, 79, 2521
List the prime factors of 7321177563.
3, 7, 199, 35753
What are the prime factors of 265497630?
2, 3, 5, 8849921
What are the prime factors of 19933914?
2, 3, 7, 11, 13, 3319
What are the prime factors of 852960791?
2339, 364669
List the prime factors of 2317506741.
3, 11, 19, 410687
List the prime factors of 868895334.
2, 3, 23, 2098781
What are the prime factors of 183392680?
2, 5, 4584817
What are the prime factors of 517248283?
673, 768571
List the prime factors of 1746255597.
3, 582085199
List the prime factors of 430795721.
19, 97, 233747
What are the prime factors of 148879144?
2, 251, 74143
List the prime factors of 687710054.
2, 19, 952507
List the prime factors of 784329193.
3109, 252277
List the prime factors of 955345470.
2, 3, 5, 71, 448519
List the prime factors of 482189903.
13, 31, 1196501
What are the prime factors of 1507973292?
2, 3, 7, 5984021
List the prime factors of 611340942.
2, 3, 101890157
List the prime factors of 177942009.
3, 7, 17, 41, 12157
What are the prime factors of 716907445?
5, 143381489
List the prime factors of 266567603.
73, 3651611
What are the prime factors of 934868628?
2, 3, 19, 223, 227
What are the prime factors of 34908014?
2, 17454007
What are the prime factors of 1875878646?
2, 3, 71, 127, 34673
What are the prime factors of 4631080?
2, 5, 115777
List the prime factors of 21105183.
3, 11, 53, 1097
What are the prime factors of 1597772244?
2, 3, 19, 83, 84431
List the prime factors of 36874542.
2, 3, 2383, 2579
List the prime factors of 64325384.
2, 509, 15797
List the prime factors of 139396133.
163, 855191
What are the prime factors of 2091826602?
2, 3, 131, 599, 1481
List the prime factors of 26814440.
2, 5, 17, 47, 839
What are the prime factors of 8689229?
593, 14653
What are the prime factors of 15945204?
2, 3, 11, 113, 1069
List the prime factors of 25429185.
3, 5, 73, 7741
List the prime factors of 4552953.
3, 1517651
List the prime factors of 1143010892.
2, 19, 2731, 5507
List the prime factors of 200419201.
19, 619, 17041
What are the prime factors of 401690401?
7, 139, 293, 1409
What are the prime factors of 6323613?
3, 1123, 1877
List the prime factors of 314108988.
2, 3, 19, 31, 2339
List the prime factors of 2212207893.
3, 7, 113, 310747
What are the prime factors of 3850442344?
2, 7, 191, 51427
What are the prime factors of 138336191?
7, 17, 23, 50543
List the prime factors of 1280840152.
2, 160105019
List the prime factors of 533086201.
113, 4717577
What are the prime factors of 97339406?
2, 271, 179593
List the prime factors of 280974267.
3, 7, 1429, 3121
List the prime factors of 1268229594.
2, 3, 19, 271, 41051
What are the prime factors of 241571372?
2, 7, 37, 33311
What are the prime factors of 72123811?
72123811
List the prime factors of 454884452.
2, 11, 31, 333493
List the prime factors of 107007570.
2, 3, 5, 1188973
What are the prime factors of 2193276875?
5, 19, 191, 967
List the prime factors of 1198509583.
157, 7633819
What are the prime factors of 234866481?
3, 4657, 16811
List the prime factors of 796817386.
2, 181, 491, 4483
List the prime factors of 293193595.
5, 191, 307009
List the prime factors of 3537795175.
5, 31, 101, 45197
What are the prime factors of 1203089202?
2, 3, 7, 73, 139, 941
What are the prime factors of 1057250864?
2, 229, 288551
What are the prime factors of 221503318?
2, 173, 199, 3217
List the prime factors of 279533455.
5, 389, 143719
What are the prime factors of 35489996?
2, 89, 131, 761
What are the prime factors of 303981755?
5, 7, 11, 193, 4091
What are the prime factors of 5560865534?
2, 7, 181, 2194501
What are the prime factors of 470043648?
2, 3, 1889
What are the prime factors of 37901922?
2, 3, 19, 332473
List the prime factors of 104111939.
197, 528487
List the prime factors of 51843573.
3, 1063, 5419
List the prime factors of 88954825.
5, 3558193
What are the prime factors of 113462884?
2, 28365721
List the prime factors of 148361217.
3, 257, 337, 571
What are the prime factors of 187379709?
3, 11, 5678173
What are the prime factors of 63386454?
2, 3, 10564409
List the prime factors of 77200055.
5, 73, 211507
List the prime factors of 1048482353.
2671, 392543
List the prime factors of 14775908.
2, 7, 41, 61, 211
List the prime factors of 1070108784.
2, 3, 47, 158113
List the prime factors of 7631243.
2333, 3271
List the prime factors of 558876448.
2, 13, 23, 58411
List the prime factors of 29213019.
3, 11, 295081
What are the prime factors of 260358639?
3, 419, 207127
What are the prime factors of 83046441?
3, 563, 49169
What are the prime factors of 81735892?
2, 7, 139, 21001
List the prime factors of 4191540306.
2, 3, 12809, 54539
List the prime factors of 2336280164.
2, 20353, 28697
What are the prime factors of 207346701?
3, 69115567
What are the prime factors of 2142648421?
23, 31, 3005117
List the prime factors of 7363270.
2, 5, 97, 7591
What ar